66. Calculate the remainder when 57 is divided by n.
28
Suppose -10 = -5*h - 4*q, -2*q - 2 = 3*h - 4*h. What is the remainder when h/(0 - (-3)/87) is divided by 12?
10
Let m(c) = -c**3 - 11*c**2 - 9*c - 8. Let b be m(-10). Let d(p) = p + 34. Calculate the remainder when 31 is divided by d(b).
15
Suppose -4*l - 4*u = -30 - 2, l - 3*u = -8. Suppose -k + 3*k = l. Suppose 2*r - 16 = -t, -5*t + k*r - 20 = -124. Calculate the remainder when t is divided by 7.
6
Let j = -170 + 187. Calculate the remainder when 32 is divided by j.
15
Let b be 465/6 - (-21)/(-14). Let w = -44 + b. What is the remainder when w is divided by 7?
4
Let a = 607 - 553. What is the remainder when 101 is divided by a?
47
Let t(u) = u**3 + 10*u**2 - 15*u - 38. Let m be t(-11). Calculate the remainder when (m/10)/((-1)/(-15)) is divided by (-24)/(-4) + (2 - 1).
2
Calculate the remainder when 22302/252 - ((-3)/2)/3 is divided by 18.
17
Let o be -3 - (-2 + -62*2). Suppose o = j + 2*j. Let c(t) = t**3 + 5*t**2 + 5*t + 4. What is the remainder when j is divided by c(-3)?
6
What is the remainder when 215 is divided by (-1)/4 + 294/24?
11
Let k = 764 - 756. Calculate the remainder when 181 is divided by k.
5
What is the remainder when 230/3105 - 8150/(-54) is divided by 36?
7
Let u(d) be the third derivative of d**5/60 - d**4/3 - 11*d**3/3 + 16*d**2. Calculate the remainder when u(13) is divided by 15.
13
Suppose 4*y = -y + 165. Suppose 0 = 4*p - 9 + 21. Let b(x) = x**3 + 5*x**2 + 2*x. What is the remainder when y is divided by b(p)?
9
Let j(f) = -f + 114. Suppose -6*b + 12*b = 78. Calculate the remainder when j(0) is divided by b.
10
Let y = -33 - -33. Suppose y = -8*x - 37 + 189. Calculate the remainder when x is divided by 7.
5
Let x(b) = 4*b**2 - 12*b - 8. Suppose -19 = 5*o - 39. What is the remainder when 71 is divided by x(o)?
7
Let a = -3 - -9. Let n be ((-1)/(-3))/(a/36). Calculate the remainder when -111*n/12*-2 is divided by 10.
7
Let b(d) = -d**2 - 28*d - 61. Calculate the remainder when b(-10) is divided by 11.
9
Let a be ((-110)/3)/(12/(-18)). Suppose 35 = 5*w + 4*z + 202, -3*z + 111 = -3*w. Let q = a + w. Calculate the remainder when 59 is divided by q.
19
Suppose 59 = -y + 4*z, -z = 5*y + z + 405. Let x = y - -112. Suppose 2*d + x = 5*t - 9, 8 = 2*d. What is the remainder when 28 is divided by t?
8
Let i(a) be the first derivative of a**3/3 + a**2 - 15*a + 17. What is the remainder when i(-8) is divided by 17?
16
Suppose -34 = -u - h, 0 = -3*u - 2*h + h + 94. Calculate the remainder when 263 is divided by u.
23
Let a(y) = y - 9. Let z be a(9). Suppose z = -6*v + 8*v - 42. What is the remainder when v is divided by 5?
1
Suppose -v + 4*x = -112, -60*v + 55*v = 3*x - 560. Calculate the remainder when 1228 is divided by v.
108
Let t = 188 + -315. Let k = 130 + t. What is the remainder when 9 is divided by k?
0
Suppose -3 = b, y - 6*y = -2*b - 26. Suppose 0 = y*m + 8, v + 2*m - 6 = -4*v. Suppose 0 = -v*q + 23 + 45. What is the remainder when q is divided by 18?
16
Calculate the remainder when 181 is divided by (-13282)/(-232) + (-1)/4.
10
Let y(c) = c**2 + 3. Let n be 46/10 - 36/60. Calculate the remainder when y(n) is divided by 8.
3
Suppose 3*g = 2*a - 8, -4*a + 16 = 4*g - 0*g. Suppose -v = -3*v - l + 38, 95 = 5*v + l. Calculate the remainder when v is divided by a.
3
Suppose 96 = -89*g + 92*g. What is the remainder when g is divided by 10?
2
Suppose 0 = -3*d + 10 - 4. Suppose 55 = d*g + 5*w, 0*w - 3 = -w. Calculate the remainder when 75 is divided by g.
15
Let g(v) = -v**3 - 7*v**2 - 8*v + 6. Suppose -3*n = -a - 319 - 65, 15 = 5*a. Suppose n*u - 156 = 126*u. What is the remainder when u is divided by g(-6)?
16
Let i = -1236 + 1402. What is the remainder when i is divided by 97?
69
Let r(p) = 2*p**3 - 29*p**2 - 13*p + 11. Calculate the remainder when 155 is divided by r(15).
32
Let o(s) = 11*s - 6. Let t(j) = -j**3 - 3*j**2 + 2*j - 4. Let g be t(-4). Let i be o(g). Calculate the remainder when 35 is divided by i/(-1)*(-7)/14.
16
Let n(j) = j**3 + 7*j**2 - 6*j + 29. Suppose -3 = -m - 5*w - 1, -28 = 3*m - 2*w. What is the remainder when 50 is divided by n(m)?
11
Calculate the remainder when (-26)/(-6)*156/4 is divided by 10.
9
Let a(m) = -3*m - 22. Let u(q) be the third derivative of q**6/120 - q**5/10 + q**4/12 - q**3/6 - q**2. Calculate the remainder when a(-18) is divided by u(6).
10
Let y(f) = 41*f**3 - 3*f**2 + 2*f. Let x be y(1). Let j = 55 - x. Calculate the remainder when 29 is divided by j.
14
Let o = 63 + -49. What is the remainder when 558 is divided by o?
12
Let i(z) = z**2 - 14*z + 24. What is the remainder when 91 is divided by i(14)?
19
Let l be (11 - 8)*(-5)/3. Let h be (-3)/l + (-22)/(-5). Suppose 3*b - 55 = -0*n + n, 2*b - 14 = -h*n. Calculate the remainder when 64 is divided by b.
13
Suppose -1206 = -11*s - 62. Calculate the remainder when 414 is divided by s.
102
What is the remainder when 24 + (-20)/2 + 1 is divided by 13?
2
Suppose 57 = b + 18. What is the remainder when 152 is divided by b?
35
Let a = 29 + -7. Suppose -2*i + 5 = -n, -77 = 3*n + 2*n + 3*i. Let c = n + a. What is the remainder when 15 is divided by c?
6
Suppose 10 = m - 18. Suppose -6*d + 125 = -703. What is the remainder when d is divided by m?
26
Suppose -5*g - 165 + 463 = 2*b, g - 4*b - 64 = 0. Suppose -x - 31 = -5*z, -9 = -x + 2*z - 34. Let c = g - x. Calculate the remainder when c is divided by 21.
18
Let w = 50 + -52. What is the remainder when 88 is divided by (w*1)/(4/(-46))?
19
What is the remainder when 41 is divided by ((-9)/(9/10))/(-1)?
1
Let j be (2/(-4))/(10/160). Let z be (-302)/j - (-3)/12. Suppose -z = -w - w. Calculate the remainder when 93 is divided by w.
17
Suppose 0 = 11*p + 12*p - 368. What is the remainder when 44 is divided by p?
12
Let t(w) = -w**2 + 4. Calculate the remainder when (-84)/20 + 4 + (-497)/(-35) is divided by t(0).
2
Suppose 5*a - 76 = -2*o, 5*o - 18 = -3*a + 39. What is the remainder when 123 is divided by a?
11
Let r(g) = g**2 - 29*g + 35. What is the remainder when 47 is divided by r(28)?
5
Let z(u) = 9*u**2 - 40*u + 111. Calculate the remainder when 209 is divided by z(3).
65
Let i(s) = -39*s - 174. Calculate the remainder when 100 is divided by i(-5).
16
Calculate the remainder when 155 is divided by (-15)/(7/(-105)*3).
5
Suppose 104 - 520 = -16*s. What is the remainder when 52 is divided by s?
0
Suppose 0 = q + 5*m - 38, 3*m + 25 = q - 21. Suppose 0 = -6*b + 712 + 50. What is the remainder when b is divided by q?
41
Let g = -36 - 141. Let w = 97 + g. Let v = -36 - w. Calculate the remainder when v is divided by 15.
14
Let g(v) = 29*v + 2. Let m be g(2). Suppose -2*z - 4*r - m = 0, 0*z - 134 = 3*z - 5*r. What is the remainder when (-6)/(-6) - 1*z is divided by 20?
19
What is the remainder when 475 is divided by (15/4)/((-23)/(-368))?
55
Suppose 3*c = 4*i + 32, 2*c + 3*c - 45 = 5*i. Let p(m) = -6*m + 6. Let o be p(i). Suppose -l = l - o. Calculate the remainder when 53 is divided by l.
17
Let h(q) = 46*q**2 - 2*q - 1. Let c be (-2)/(-2)*1/(-1). Suppose -4*g + 2*t + 62 = -40, 5*g - 111 = -3*t. Calculate the remainder when h(c) is divided by g.
23
Suppose -m - n = -6*n, 5*m + n = 26. Suppose m*r - 2*x + 19 = 177, 2*r = -4*x + 44. What is the remainder when 88 is divided by r?
28
Let h be 129/2*(-2)/3. Let x = h + 86. What is the remainder when x is divided by 23?
20
Let x = -23 - -51. Calculate the remainder when x is divided by 8.
4
Let x = 1391 - 1369. What is the remainder when x is divided by 4?
2
Suppose 12 = -y + 5*y. Suppose y*b - 111 = 153. Suppose -16 - b = -2*n. What is the remainder when n is divided by 18?
16
Let t(z) = 7*z + 2. Suppose 0 = 2*d - 0*d - 4. Suppose d*u = -5*u + 91. Calculate the remainder when t(5) is divided by u.
11
Let o(f) = -f**2 - 13*f - 4. Let b be o(-10). Suppose -6 = 4*m - b, -3*q - m = -65. What is the remainder when 139 is divided by q?
19
Let i = -151 - -155. Suppose -i*a = 2*q - 59 - 51, -3*a + 4*q + 55 = 0. What is the remainder when 5*-3*16/(-5) is divided by a?
23
Let z = 158 - 140. Calculate the remainder when 51 is divided by z.
15
Let j(o) = 2*o + 173. Let m be j(0). Suppose 162 + m = 5*k. What is the remainder when k is divided by 23?
21
Let c = 252 + -208. Suppose -3*p - 4*z + 2 = 3, -4*p = z 